*h, 0 = 5*j + 4*h - 58657. Is j a composite number?
True
Suppose -i + 32 + 34 = 0. Suppose 0 = 3*z - i + 57. Suppose -4*j - z*a = -8079, -3*j - 3*a = -a - 6059. Is j prime?
False
Let d be 68/20 + 10/(-25). Let l be (-20)/16 - -1 - d/(-12). Let a(c) = -4*c + 3227. Is a(l) a prime number?
False
Is (-1103 + -2)*-137 - 8/(-24)*-18 composite?
False
Suppose 4*m + l - 128 = -2*l, -4*m + 5*l = -128. Let d be (m/24)/((-6)/(-9)). Suppose -3*g + 5*s - 4*s = -526, 0 = -d*g + s + 349. Is g a composite number?
True
Let r be 3/9*(-34395)/20*-12. Suppose 5*b = 3*q - 72740 + r, b = -4. Is q composite?
True
Let p(j) = 11*j**2 - 7*j - 7. Let s be p(-1). Let o(i) = i**3 - 27*i + 5. Is o(s) composite?
False
Let d = -136314 - -414679. Is d a composite number?
True
Suppose -8*l = 13*l + 5*l - 5991778. Is l composite?
False
Let d(v) be the first derivative of 13*v**4/24 + 17*v**3/6 + 19*v**2/2 - 16. Let y(z) be the second derivative of d(z). Is y(5) a prime number?
False
Suppose -3*v - 2 = -2*t - 1, 0 = -3*t + 4*v + 2. Let j be -3*2*(0 - 1/t). Suppose j*u - 34 - 719 = 0. Is u a prime number?
True
Suppose -4 = 2*y, 0 = -7*w + 10*w - 5*y - 170311. Is w a composite number?
False
Suppose 0 = -4*z - 5*j + 42, z - 3*j - j = 0. Is 1*(-326)/z*(-48)/4 a prime number?
False
Let p(g) = -3*g**2 - 12 + 8*g + 7*g**2 + 17*g**2. Is p(7) a prime number?
False
Suppose -23*j + 39*j = 45*j - 6264667. Is j composite?
False
Let r(g) = -g**3 + 19*g**2 - 6*g + 5. Let j be r(9). Suppose j + 5534 = 5*d. Is d composite?
False
Let n = -260 + 4613. Suppose -9*w + 6*w = -n. Suppose -1166 = -4*o + j, -w = -3*o - 2*o - 2*j. Is o a composite number?
True
Is 3440981/9 + 344/(-1548) prime?
True
Is (-1182)/9*(-2262)/116 a prime number?
False
Let b(k) = 5*k**2 + 3*k - 48. Let r be b(-7). Is 4322/3*-8*(-33)/r a composite number?
False
Let p be (-3)/5 + 13/5. Suppose 6*d - 9*d + 47 = -i, -p*d - 4*i + 22 = 0. Suppose 0 = -11*c + d*c - 6268. Is c composite?
False
Suppose -10*n + 51 = -29. Let t be ((-4)/(-16)*-6)/((-3)/n). Suppose 0 = -4*a + t, y + 5*a = 6*y - 10500. Is y prime?
False
Suppose 0*o - 145 = -5*o. Let t = -25 + o. Suppose -g - 4*k + 1257 = 4*g, t*g - 1010 = -k. Is g a prime number?
False
Let u = 315207 + -209506. Is u prime?
True
Suppose -3*g = 4*k + 4222, 0 = -3*k - 2*g + g - 3169. Let w = 2778 + k. Suppose -w = -2*h - 0*m - m, 2*h + 4*m = 1706. Is h a composite number?
False
Let d(k) = k**3 - 10*k**2 - 9*k - 22. Let y be d(11). Suppose -489 = -p + m, -3*m = -y*m - 6. Is p composite?
False
Suppose -2883*c - 434029 = -2891*c + 1071339. Is c prime?
True
Let g be -1000 - (8/(-44) + 62/(-22)). Let i = 6033 + g. Suppose -d = d - i. Is d prime?
False
Let g be -1 + 17/5 + (-14)/35. Let n be (-4)/6*(-6)/g. Is 0 + 5755/10*n a prime number?
True
Suppose -1289069 = -7054*o + 7007*o. Is o a prime number?
True
Let a(o) be the first derivative of -o**6/40 - 7*o**5/30 - o**4/4 + o**3 - 25*o**2/2 - 6. Let y(q) be the second derivative of a(q). Is y(-7) composite?
True
Let d(s) be the first derivative of -s**4/4 + s**3 - s**2 - s - 8. Let y be d(2). Let o(r) = -864*r - 1. Is o(y) prime?
True
Suppose z = 4*x + 576527, 32*z - 29*z = -x + 1729659. Is z prime?
True
Suppose 612 = -g + 4629. Suppose -7*w + 4*w = -g. Suppose 4*h - 4*b - 4196 - 1096 = 0, -5*b - w = -h. Is h composite?
False
Suppose -17*s = -42*s + 23*s + 73714. Is s composite?
False
Is (-1)/(-2)*(14/(-77))/((-52)/54493868) a composite number?
True
Suppose -b = -5*u + 71117, 3*u + b = 7*u - 56894. Let x = -9640 + u. Is x a prime number?
True
Suppose 20 = 4*s, -16 = 2*b - 0*b - 4*s. Suppose -888 = -2*v - 0*v - b*g, 0 = g + 1. Is v a composite number?
True
Let q(a) = 31649*a + 535. Is q(8) a prime number?
False
Let w = -354642 + 1019807. Is w a composite number?
True
Let b(c) = -245*c**3 - 35*c**2 + 18*c + 423. Is b(-14) a composite number?
False
Let h = 683 - 680. Suppose -k - h*n = -30562, -15535 = k - 5*n - 46137. Is k composite?
False
Let g(w) = -3*w**3 + w**2 - 9*w - 62. Let t(o) = -2*o**3 - 4*o - 31. Let a(z) = -3*g(z) + 5*t(z). Let y be (-6)/(-4) + (-85)/10. Is a(y) a prime number?
False
Let t(f) = -f**3 + 39*f**2 + 37*f + 77. Let l(j) = -j**3 + 39*j**2 + 37*j + 78. Let z(q) = 6*l(q) - 5*t(q). Is z(34) prime?
True
Suppose 3*i = 15, -7*i = u - 2*i - 27. Suppose -2*t + 0*t = -3*s - 9, -u*s = -5*t + 39. Let d(f) = 10*f**2 + 12*f - 1. Is d(t) a prime number?
False
Let w be -50 - (2/(-6) + 100/30). Let x = w - -49. Is (5/15*-2)/(x/2826) a composite number?
True
Let h(l) = 65*l**2 + 11*l + 871. Is h(46) a composite number?
False
Suppose -f + 25 = 2*f + 4*g, -f + 2*g = -15. Let n(l) = -139*l. Let z(j) = 208*j. Let c(p) = 7*n(p) + 5*z(p). Is c(f) a composite number?
True
Let x be -1*4/(-2) + (-40)/(-5). Suppose 8*p + x = 10*p. Suppose 0 = p*t - 658 - 1247. Is t prime?
False
Let q be (-4365)/(-15)*(4/3 + -1). Let p(t) = q*t**3 + 3*t + t + 1151 - 96*t**3 - t**2. Is p(0) composite?
False
Let p = 7266 + 548. Is p a prime number?
False
Suppose -73*n + 75*n - 5378 = 0. Is -1 - (7/1 - n) prime?
False
Let j(f) = -f**2 + 24*f + 18. Let r be j(20). Let x = 103 - r. Suppose 5*y - x*i = 2*y + 9876, 4*y = -3*i + 13139. Is y composite?
True
Let i(n) = -n**2 + n - 1. Let b(z) = 17*z**2 + 3*z + 8. Let w(g) = b(g) + 3*i(g). Let c be 14/(-2) + (13 - 13)/10. Is w(c) prime?
False
Let f = 167 + -1673. Let m be f*(-3 - 7/(-3)). Suppose -5*q + 2523 = w, -q - 3*w = q - m. Is q a composite number?
True
Let f(c) = 39*c + 19. Let i(y) = -3*y + 17. Let w be i(8). Let u be ((-10)/w)/((-4)/(-28)). Is f(u) a composite number?
False
Let f = -342 - -720. Let k = 28 - 23. Suppose 3*g - 3 + 9 = 0, k*x - 4*g = f. Is x composite?
True
Let m = -60671 + 103914. Is m a composite number?
True
Let n(c) = -2*c - 2. Let s be n(-4). Suppose 7703 = -s*j - 1879. Let k = 2874 + j. Is k prime?
True
Suppose -24*q - 1007830 = -71*q + 977497. Is q a composite number?
True
Suppose d - 2 = -p, -6 = -7*p + 4*p - 2*d. Suppose n - 1057 = -f + p*f, -4*f = -2*n + 2118. Is n prime?
False
Suppose 34*j = 37*j - 16080. Let o = j + -2755. Let y = o - 846. Is y a composite number?
False
Suppose 3*g - 15175 - 148958 = -3*k, 2*g = 2*k + 109414. Is g a prime number?
True
Let p = 323354 - 222285. Is p a composite number?
True
Let j = -109151 - -158560. Is j composite?
False
Suppose 0*c = 3*c - 237. Let q = -75 + c. Suppose q*z = 19*z - 32685. Is z composite?
False
Let c = 494193 + -308432. Is c prime?
False
Let g(y) = 3*y**3 - 7*y**2 + 7*y + 12. Let l be 925/75 + (-4)/3. Is g(l) composite?
True
Let o be -6 - 4*1/(-1). Let f = -34 + 34. Is f/1 + 121 + o a composite number?
True
Suppose -170*k = -169*k + 1720. Let y = -1019 - k. Is y a composite number?
False
Suppose -5*g - 4*z = 0, 2*g + 7 = -6*z + 3*z. Is g/(-30) + 3787285/75 a prime number?
True
Let w(f) = -45 - 7*f + 966*f**2 - 4*f - 949*f**2 - 20. Is w(15) a composite number?
True
Suppose 5*m = -h + 19, 0 = -6*m + 7*m + 3*h - 1. Suppose k + k + 5*d = 14, -m*d + 6 = -k. Suppose -1009 = k*w - 2787. Is w prime?
False
Suppose 0 = p + 5*g + 23 + 465, g = 4*p + 1994. Let h = 1469 - p. Is h a composite number?
True
Is (3 - -2)*(-2)/((-18)/113499) composite?
True
Let b = 1490 - -417. Suppose -4*k + b = -6505. Is k a prime number?
False
Let x = 229469 - 156066. Is x a composite number?
True
Suppose 3069152 = 52*c + 27*c - 47*c. Is c prime?
True
Let p be (8/28)/(7/(-49)). Is 0 + p + (-25 - -4690) prime?
True
Let k = -4717 + 2471. Is (k/(-8))/(4/80) prime?
False
Suppose 263363650 = 7*a + 21*a + 82*a. Is a a prime number?
False
Suppose -135*c + 136*c - 749907 = 2*q, -2*c - 5*q + 1499778 = 0. Is c a prime number?
True
Let x(l) = 8146*l**2 - 315*l + 2743. Is x(10) composite?
False
Let v be (0 - -3386)/(25/(-75)). Let o = v - -14519. Suppose r + 6*r = o. Is r prime?
False
Is 2/(-1)*468202/28*-1 prime?
False
Suppose 0 = 4*w + 2*p - 551614, 3*p + 56346 + 633188 = 5*w. Is w prime?
False
Is (-93)/(5 + (-225860)/45170) + -7 a composite number?
True
Let y(r) be the third derivative of -29*r**4/8 + 110*r**3/3 + 69*r**2. Is y(-35) a prime number?
False
Suppose -7*k - 86650 + 708971 = 0. Is k a prime number?
True
Suppose 17 = 4*r + 6*p - 9*p, -r + 2*p + 3 = 0. Suppose 3*d + 2*d - 28190 = 5*u, -r*d + 28180 = -3*u. Is d composite?
True
Suppose -16*z + 1161640 = -1224648. Is z composite?
Fal